rivative of 0 - r**2 + 2/3*r**3 + 3*r. What is the units digit of d(2)?
6
Let i = 58 - 29. Suppose 2*h + 7 = i. What is the units digit of h + (-3 + 2)*-2?
3
Suppose 10*h + z - 1935 = 7*h, 0 = 2*z + 6. What is the hundreds digit of h?
6
Let s = -22 - -23. What is the units digit of (s/2)/(3/78)?
3
Let s be 208/6 - (-4)/12. Suppose -5*n + 115 = -s. Suppose 3*a - 185 = -4*g, -25 = -g + a + n. What is the units digit of g?
0
Suppose 2*q + q = 390. Suppose 7*y = 52 + q. What is the units digit of y?
6
Let c(m) = 15*m**2 + 2*m - 82. What is the hundreds digit of c(9)?
1
Let t = 11 - 6. Let b = 11 - 9. Suppose 0 = 3*x + t*m - 207, 0*m = 3*x + b*m - 216. What is the tens digit of x?
7
What is the tens digit of (2/4)/((-2)/(-628))?
5
Suppose -2*p + 3 = 1. Let h be p/(-1 + 2)*8. What is the tens digit of (h*92/(-8))/(-2)?
4
Let r be (-3)/(-5) + 11412/30. Let j = r + -206. What is the hundreds digit of j?
1
Suppose -32*y + 28*y = 0. Suppose -4*u + 2 = -2. Let d = u + y. What is the units digit of d?
1
Let h be (-9)/((-27)/6) - -14. Suppose -14 - 24 = -2*v - 5*p, 0 = 4*p - h. What is the units digit of v?
9
Let r(a) = -4 + a**3 + 2*a**3 - a**3 - 2*a + 16*a**2. What is the tens digit of r(-7)?
0
Suppose -2*k = 5*t - 19, -3*t + 6 + 9 = 3*k. Suppose 4*p + 86 = k*p. Let l = -24 - p. What is the units digit of l?
9
Let a = 473 + -264. Let p = a + -96. What is the hundreds digit of p?
1
Let t = -21 + 35. Let d(s) = 2*s - 13. Let n be d(t). Let m = -13 + n. What is the units digit of m?
2
Let i(c) = -2*c**3 + 2*c**2 + 33*c - 68. What is the units digit of i(-13)?
5
Suppose -2*j - r - 13 = -570, 5 = 5*r. What is the units digit of j?
8
Let n(d) = d**2 - 7*d + 63. Let w be n(6). Let l = -33 - 0. Let z = l + w. What is the units digit of z?
4
Let u(n) = -2*n**3 - 10*n**2 - 8*n + 2. Suppose -30 = 4*g - 6. What is the units digit of u(g)?
2
Suppose -6*j + 2*j + 14 = -2*u, -29 = 2*u + j. Let o be 4*(u - -1)/2. What is the units digit of (12 + o)/(2/(-8))?
8
What is the units digit of (3 + -18)*110/(-3)?
0
Suppose 4*n - 4*u = 2 - 10, -n - 2*u - 14 = 0. Let g = n - -13. What is the tens digit of ((-1)/2)/(g/(-154))?
1
Suppose -t = 3*z + 114, z + 452 = -5*t - 146. Let m = t - -437. What is the hundreds digit of m?
3
Let s(r) = 202*r**2 - 4*r + 26. What is the thousands digit of s(3)?
1
What is the thousands digit of (-1762)/(-1) - -8*30/(-40)?
1
Let m(a) = a. Let t be (-1 - -8) + -3 - 2. Let c be m(t). What is the tens digit of 1820/39*3/c?
7
Let x be (-4)/(-5) - (-18544)/95. Suppose -l = -5*r - 0*l + 496, -2*r + x = -l. What is the tens digit of r?
0
Let g = 136 - 260. Let j be (g/(-8))/((-2)/(-4)). Suppose w - j = 13. What is the tens digit of w?
4
Let v(h) = 35*h + 78. What is the units digit of v(7)?
3
Let n = 0 + 4. Let a(h) = -2*h**3 + 0*h**3 + 3 + 2*h**3 - h**3 + n*h**2. What is the units digit of a(3)?
2
Let a be 1/(-2) + (-222)/(-4). Suppose 0 = u + 9*u + 10. Let z = a - u. What is the tens digit of z?
5
Let w = 93 - 163. Let u = -5 - w. What is the tens digit of u?
6
Suppose 3*j - 48 = -j. Let h = j - 10. Suppose 0 = -h*g + 2 + 4. What is the units digit of g?
3
Let f(y) = -3*y - 7. Suppose 0 = 5*m + 9 + 11. Let s be f(m). Suppose -84 = -s*h + 31. What is the tens digit of h?
2
Let m(q) = -q**2 - 2*q + 1. Let b be m(4). Let f(o) = o - 42. Let h be f(-5). Let n = b - h. What is the units digit of n?
4
Let f = -516 + 861. What is the hundreds digit of f?
3
Let w(o) = 2*o**3 + 30*o**2 - 12*o + 10. What is the hundreds digit of w(-15)?
1
Let u be (276/2)/(21/14). Suppose -18 = -3*n + n. Suppose u = -7*k + n*k. What is the units digit of k?
6
Let l(a) = a**2 - 8*a - 7. Let y be l(9). Suppose s + y*s = 231. Suppose 0 = b - 2*r - 16, 4*r + r - s = -4*b. What is the units digit of b?
8
Let r(z) = -6*z - 2. Let m(o) = 1 + 0*o + o - 2 - 3*o. Let q(t) = 17*m(t) - 6*r(t). What is the units digit of q(5)?
5
Let q(s) = -38*s + 4. Let j be q(-8). Suppose 0 = 3*z - z - 20. What is the units digit of (j/55)/(2/z)?
8
Let t = 57 + -160. Let u = 131 + t. What is the units digit of u?
8
Let b = 109 - 140. Let i = b - -245. What is the tens digit of i?
1
Suppose 0*t + 2*t + 10 = m, 0 = -2*t + 2*m - 12. Let u = t + -2. What is the tens digit of 325/15 - u/(-9)?
2
Let t = -14 + 3. Let j be 4/(-22) + (-112)/t. What is the units digit of 1/5*4*j?
8
Let t(a) be the first derivative of 1/3*a**3 - 3*a + 4 + 2*a**2. What is the tens digit of t(-7)?
1
Let j = -1244 - -2951. What is the units digit of j?
7
Suppose -12*z + 4360 = -944. What is the hundreds digit of z?
4
Suppose -3*r - 2*r + 500 = 0. Suppose -38 = -2*y - r. Let l = 97 + y. What is the units digit of l?
6
Let s = 2129 + -1070. What is the units digit of s?
9
Let n(k) = 4*k**3 - 3*k**2 - 2*k - 3. Let p be n(3). Suppose v = -3*v + p. What is the tens digit of (-465)/(-27) + (-4)/v?
1
Let l = 27 - 14. Let x(b) = -b**2 - 7*b + 2. Let z be x(-6). Let j = l - z. What is the units digit of j?
5
Suppose -5*c + 29 = -146. What is the tens digit of c?
3
Suppose -44*n - 3192 = -58*n. What is the units digit of n?
8
Suppose -8 + 0 = -4*t. Let o be (3 + -3)/(-2*1). Let m = o + t. What is the units digit of m?
2
Let n be (-422)/(-4) + 7/(-14). Let r be n/14*4/6. Suppose 11 = r*k - 64. What is the tens digit of k?
1
Suppose -d + 458 = 16. What is the units digit of d?
2
Suppose -3*p - 5*m + 0*m = -1567, 5*m + 1607 = 3*p. What is the tens digit of p?
2
Let j be ((-5)/(-2))/(18/36). Suppose 5*c - 2*o = 989 - 334, -c + j*o + 131 = 0. What is the hundreds digit of c?
1
Let n = 26 + -17. What is the tens digit of (4 - n/2)*-82?
4
Suppose 3*x = 2*x + 128. Let c = -33 + x. What is the units digit of c?
5
Let u = 68 + -66. Suppose u*q + 6 = -0*q, 5*z - q - 153 = 0. What is the tens digit of z?
3
Let p(k) = -k**3 - 9*k**2 + 3*k - 10. Let v be p(-9). Let u = 57 + v. Suppose r + 12 = 4*r - 5*t, -5*r + 4*t = -u. What is the units digit of r?
4
Suppose 0*z + 4*z = -24. What is the tens digit of 4/6 + (-68)/z?
1
Let q(u) = 2*u**3 - 17*u**2 + 62*u + 13. What is the tens digit of q(7)?
0
Let r(u) = u + 8. Let h(c) = 3*c + 8. Let p(t) = 4*h(t) - 6*r(t). What is the tens digit of p(5)?
1
Let u = 3246 + 1927. What is the thousands digit of u?
5
Let t = -209 + 692. What is the tens digit of t?
8
What is the tens digit of (99531/54 - -5) + 1/(-6)?
4
Suppose -20363 + 8048 = -15*g. What is the hundreds digit of g?
8
Let u = -1067 + 1868. What is the tens digit of u?
0
Let u be (2 + -1)/(2/34). Let c = u + -15. Suppose -c*y - 5*f = -77, -5 = -7*f + 2*f. What is the tens digit of y?
3
Let g be 57/18 - 2/12. Suppose -2*x + 15 = g*x. Suppose q + a + x = -2*a, -4*a = -q + 32. What is the units digit of q?
2
Let i(q) = -q**3 - 17*q**2 + 15*q + 2. Let f be i(-18). Suppose u - 76 = -v, 3*v + v + f = u. What is the tens digit of u?
7
Suppose -30 = 4*f - 62. Suppose 4*r + f = -s - 7, -9 = 3*s + 3*r. What is the units digit of s?
1
Let w(h) = h**3 - 12*h**2 + 11*h + 2. Let r be w(11). What is the hundreds digit of 109 + r + -4 + 0?
1
Let c = 1330 - -916. What is the hundreds digit of c?
2
What is the tens digit of -2 + 3 + (-430)/(-6 - -5)?
3
Suppose -8*g + 672 + 3032 = 0. What is the hundreds digit of g?
4
Let l(p) = 2*p - 7. Let q be l(5). Suppose -24 - 3 = -q*c. What is the tens digit of 16/72 - (-376)/c?
4
Let u be 476/(-52) + (2 - 48/26). What is the tens digit of (-2)/u - 17173/(-117)?
4
Let p(z) = 11*z - 4. Let g be p(4). Let m be ((-4)/(-2))/((-6)/(-84)). Let v = g + m. What is the units digit of v?
8
Let h(z) = -62*z - 187. What is the units digit of h(-9)?
1
Let w(u) = 6*u + 2. Let k = -1 - -2. Let h be w(k). Let i = 28 - h. What is the tens digit of i?
2
What is the tens digit of ((-9 - -4) + -745)/(12/(-16))?
0
Let f(h) = -6*h + 1. Let q(l) = 7*l - 1. Let r be (2/(-3))/(6/36). Let t(i) = r*q(i) - 3*f(i). What is the tens digit of t(-4)?
4
Let k = 42 + -4. What is the units digit of k/95 - 1356/(-10)?
6
Let a = 453 - -121. What is the units digit of a?
4
Suppose -3*p + 38 = 5*t - 55, -3*t = p - 27. What is the tens digit of p?
3
Let f = -4 - -26. Suppose -w - 3*m = 4*w + 3, -w + 5*m = -5. Let p = w + f. What is the units digit of p?
2
What is the thousands digit of (-20090)/(-15)*(-30)/(-20)?
2
Let b(l) = 2*l**2 - 2. Let p be b(-3). Let j be (-1)/4 - (-84)/p. 